{"id":28,"date":"2018-04-07T08:10:37","date_gmt":"2018-04-07T06:10:37","guid":{"rendered":"https:\/\/conf-mpci-2018.lis-lab.fr\/?page_id=28"},"modified":"2018-05-11T19:42:11","modified_gmt":"2018-05-11T17:42:11","slug":"accueil","status":"publish","type":"page","link":"https:\/\/conf-mpci-2018.lis-lab.fr\/","title":{"rendered":"Accueil"},"content":{"rendered":"<p>La licence MPCI d&rsquo;Aix-Marseille Universit\u00e9 &#8211; Ecole Centrale Marseille vous convie \u00e0 son quatri\u00e8me cycle de conf\u00e9rences les 22 et 23 mai 2018 \u00e0 Marseille.<\/p>\n<p>Apr\u00e8s trois \u00e9ditions sur les th\u00e8mes de l&rsquo;astrophysique, la transition \u00e9nerg\u00e9tique et le d\u00e9veloppement durable, et l&rsquo;a\u00e9ronautique, l&rsquo;\u00e9dition 2018 est consacr\u00e9e \u00e0 l&rsquo;<strong>informatique au c\u0153ur des sciences<\/strong>, avec une <strong>journ\u00e9e sp\u00e9ciale<\/strong> consacr\u00e9e \u00e0 l&rsquo;<strong>intelligence artificielle et \u00e0 l&rsquo;apprentissage automatique<\/strong>.<\/p>\n<p><a href=\"https:\/\/conf-mpci-2018.lis-lab.fr\/?page_id=54\">D\u00e9couvrez le programme !<\/a><\/p>\n","protected":false},"excerpt":{"rendered":"<p>La licence MPCI d&rsquo;Aix-Marseille Universit\u00e9 &#8211; Ecole Centrale Marseille vous convie \u00e0 son quatri\u00e8me cycle de conf\u00e9rences les 22 et 23 mai 2018 \u00e0 Marseille. Apr\u00e8s trois \u00e9ditions sur les th\u00e8mes de l&rsquo;astrophysique, la transition \u00e9nerg\u00e9tique et le d\u00e9veloppement durable, et l&rsquo;a\u00e9ronautique, l&rsquo;\u00e9dition 2018 est consacr\u00e9e \u00e0 l&rsquo;informatique au c\u0153ur des sciences, avec une journ\u00e9e &hellip; <\/p>\n<p class=\"link-more\"><a href=\"https:\/\/conf-mpci-2018.lis-lab.fr\/\" class=\"more-link\">Continuer la lecture<span class=\"screen-reader-text\"> de &laquo;&nbsp;Accueil&nbsp;&raquo;<\/span><\/a><\/p>\n","protected":false},"author":3,"featured_media":0,"parent":0,"menu_order":0,"comment_status":"closed","ping_status":"closed","template":"","meta":{"footnotes":""},"class_list":["post-28","page","type-page","status-publish","hentry"],"_links":{"self":[{"href":"https:\/\/conf-mpci-2018.lis-lab.fr\/index.php?rest_route=\/wp\/v2\/pages\/28","targetHints":{"allow":["GET"]}}],"collection":[{"href":"https:\/\/conf-mpci-2018.lis-lab.fr\/index.php?rest_route=\/wp\/v2\/pages"}],"about":[{"href":"https:\/\/conf-mpci-2018.lis-lab.fr\/index.php?rest_route=\/wp\/v2\/types\/page"}],"author":[{"embeddable":true,"href":"https:\/\/conf-mpci-2018.lis-lab.fr\/index.php?rest_route=\/wp\/v2\/users\/3"}],"replies":[{"embeddable":true,"href":"https:\/\/conf-mpci-2018.lis-lab.fr\/index.php?rest_route=%2Fwp%2Fv2%2Fcomments&post=28"}],"version-history":[{"count":6,"href":"https:\/\/conf-mpci-2018.lis-lab.fr\/index.php?rest_route=\/wp\/v2\/pages\/28\/revisions"}],"predecessor-version":[{"id":217,"href":"https:\/\/conf-mpci-2018.lis-lab.fr\/index.php?rest_route=\/wp\/v2\/pages\/28\/revisions\/217"}],"wp:attachment":[{"href":"https:\/\/conf-mpci-2018.lis-lab.fr\/index.php?rest_route=%2Fwp%2Fv2%2Fmedia&parent=28"}],"curies":[{"name":"wp","href":"https:\/\/api.w.org\/{rel}","templated":true}]}}